 -113*s**2 + 29*s + 6. Let b(z) = 57*z**2 - 15*z - 3. Let i(w) = -5*b(w) - 3*y(w). Let r be i(8). Is r/(-6)*8/(-12) composite?
False
Let m(u) = 5*u + 18. Let y be m(-3). Suppose -3*z - 3*b = 3, -y*z - 4*b - 3 = 5. Suppose -2*l + 49 = -l - 4*i, 325 = 5*l - z*i. Is l prime?
False
Suppose -5*w = -0*w - 10. Suppose w*c - 6493 = -5*x, 4*x - 1426 = -c + 3766. Let h = x - 290. Is h composite?
True
Let j(r) = r**2 - r + 5. Let o be j(2). Is ((-39)/(-2) + -1)/(o/266) composite?
True
Suppose 22*t - 8*t = -2*t + 227888. Is t composite?
False
Let s(q) = 204*q + 15. Let y be (-9)/(2/(-8) - 10/8). Let g be s(y). Let w = g - 604. Is w composite?
True
Let t(f) = f**2 + f - 17. Let b be t(-5). Suppose -2*w = -6*w - 4*k + 12, -5*k = b*w - 11. Is (-3435)/(-7) + (-96)/56 + w a composite number?
False
Let p(o) = -174*o**2 + 60*o - 66. Let h(l) = -86*l**2 + 30*l - 33. Let y(d) = -7*h(d) + 3*p(d). Is y(19) prime?
False
Let b be 294/8 - 1/(-4). Let s = 36 - b. Is (0/s - 1)*-251 composite?
False
Let c = 298 + -44. Let b = 4137 + c. Is b a composite number?
False
Let t(q) = 5000*q**3 - 9*q**2 - 16*q + 45. Is t(4) composite?
True
Let m = -142 - -95. Suppose -4446 = -59*n + 3224. Let j = m + n. Is j prime?
True
Suppose -45*q - 136*q + 646351 = 0. Is q composite?
False
Let d be (43563/(-12))/(6/(-144)). Is (6/(-4))/((-117)/d) composite?
False
Let o be (20/(-25))/(2/(-15)). Suppose 243 - 1203 = -o*w. Let x = 1 + w. Is x a composite number?
True
Let j = 2204 - 3883. Let i = -1107 - j. Suppose -5*u + 0*l + 2*l + 2911 = 0, 3*l = -u + i. Is u a prime number?
False
Let t = 4452 + -2813. Suppose 4*n + 2630 = -5*d, n + n + 3*d = -1314. Let u = n + t. Is u composite?
True
Is (3060/(-72) - -42)/(2/(-9446908)) prime?
True
Suppose 364*w + 2*s = 363*w + 4947, 3*s - 24707 = -5*w. Is w a prime number?
False
Let m = 118113 + -83356. Is m a composite number?
False
Suppose 0*z = 6*z - 6. Suppose -7*x + 22 - z = 0. Is 1*(-4 + 3)*(-398 + x) composite?
True
Let t(q) = -45*q**3 - 89*q**2 - 32*q + 59. Is t(-17) a prime number?
True
Let j(g) = 165*g**2 - 2*g - 1. Let h be j(-1). Let m = h - 85. Let d = 110 + m. Is d a prime number?
True
Suppose -367*c + 358*c - 36 = 0. Is (1262/c)/((-89)/178) a prime number?
True
Let u(a) be the first derivative of 1219*a**3 + 3*a**2 - 4*a - 23. Is u(1) a prime number?
True
Suppose 0 = 4*u - 5*q - 80639, 74*u - 3*q + 120969 = 80*u. Is u a composite number?
False
Let q(s) = 40*s**2 + 3*s - 56. Let r be q(10). Suppose 0 = n - 5*c - r, -3*c - 19951 = -5*n - 5*c. Is n prime?
True
Suppose 8 = 9*a - 19, a - 107981 = -2*j. Is j composite?
True
Is (10 - (-456)/(-48))/(3/(-3539532)*-2) prime?
False
Suppose -44578 = 2*c - d - 169767, -4*d - 250392 = -4*c. Is c composite?
False
Suppose 3*t + 2*t - 7400 = 2*v, t - 5*v - 1457 = 0. Suppose 0 = -8*s + 5*s + t. Suppose -5*x + 171 + s = 0. Is x composite?
True
Suppose -3*z = 2*z + 860. Suppose 3*b - 1669 = -5*w + b, 329 = w + 2*b. Let a = w + z. Is a prime?
True
Let n = 364 + -363. Is 18108 - -11 - (-1 + n) prime?
True
Let s be ((-2)/5)/((-102)/346800). Let n = 685 - -154. Let y = s - n. Is y prime?
True
Let a(k) = 3 - k**3 - 5*k + 5 - 6 + k**2 + 5*k**2. Let c be a(2). Suppose 0 = -c*q + 9*q - 1361. Is q composite?
False
Let k(u) = 6*u**2 - 505*u - 893. Is k(96) a composite number?
False
Let k(v) = 52979*v - 8914. Is k(13) composite?
True
Let o = -252179 - -596928. Is o composite?
False
Is 841748/3 - 15*32/(-1440) a composite number?
False
Let y = -6 - -54. Let j = y + -47. Is (-2874)/(-6)*(1 - (-1 + j)) prime?
True
Suppose 40*j + 4213886 - 9726273 = 7214053. Is j a composite number?
False
Let h be 8/(-6)*(-12240)/6. Suppose -j + 3*p + h = j, 2*j - 4*p = 2724. Is j composite?
True
Let z(p) = p + 15. Let y be z(-10). Let n(w) = 12*w**3 - 8*w**2 + 6*w - 6. Let s be n(y). Let m = -911 + s. Is m a prime number?
False
Let c(i) = 311*i**2 - 3*i - 1. Let j(t) be the third derivative of -t**4/8 + t**3/6 - 29*t**2. Let u be j(1). Is c(u) a composite number?
False
Let k(x) = 19*x**2 + x - 90. Let t be k(42). Suppose -7*y = -t - 112909. Is y prime?
False
Let x(b) = 40080*b + 941. Is x(4) a composite number?
True
Is (59790 - 42/(-7) - -3 - 1) + 5 composite?
True
Let y(p) = p**2 - 9*p + 10. Let c be y(7). Is c/10 - ((-546144)/60 + -7) a prime number?
True
Let n be (-15)/(-20) - ((-18921)/(-12) + -3). Let j = n + 3636. Is j prime?
True
Suppose l - 3*p - 690 = -2*l, 3*l = p + 696. Let n be 2*(-4)/(-6)*84. Let f = l - n. Is f a prime number?
False
Let s(i) = -2*i**2 + 92*i - 78. Let r be s(45). Suppose 13*g = r*g + 19001. Is g composite?
False
Suppose -10*j + 1048124 = -5*r + 3*r, 0 = 4*j + 3*r - 419261. Is j a prime number?
False
Suppose 0 = -2*f + 2*k - 14932, -2*k = 5*f + 228 + 37130. Let w = f + 16019. Is w composite?
True
Suppose -122*w + 314670 + 2916282 = -98*w. Is w composite?
True
Let z(p) = -10*p**2 + 44*p - 18. Let q be z(4). Let s be -1*(1 - (1 - 2)). Is 363 + (s - (0 - q)) composite?
False
Suppose 14041 = l + 47566. Is l/(-27) + 6/(-9) a composite number?
True
Suppose l = -4*c + 583748, 11*l = 3*c + 12*l - 437811. Is c a composite number?
True
Suppose 303 + 191 = -13*m. Is (0 - (-6)/4) + (-191957)/m composite?
True
Suppose -3 = 4*m - 3*m. Let t be (135/20)/m*-4. Is 43185/10 - t/(-6)*-1 a prime number?
False
Suppose -101 = -7*k - 87. Suppose -k*f + 4*v = -5110, 0 = -4*f - v - 4*v + 10155. Is f a prime number?
False
Let i be 4 - (3 - (-3867)/(-3)). Suppose -7*z - 408 = -i. Suppose -2*q + 244 = 2*l, -l + z = -2*q + 7*q. Is l prime?
False
Let j = 243364 - 88895. Is j a composite number?
True
Suppose 11*u = -3*h + 8*u + 7704, h - 2568 = 5*u. Suppose 45*m - h = 37*m. Is m prime?
False
Let x = -48 - -43. Let z(y) = -38*y**2 + 3*y. Let o be z(x). Let h = o - -3772. Is h composite?
True
Let l(c) = 148*c**2 + 139*c - 231. Is l(-65) a prime number?
False
Let i(f) = 217*f**2 + 66*f - 707. Is i(26) a composite number?
True
Let l be (-5)/((-20)/(-16)) - -2. Is (248738/28)/(l/(-4)) a prime number?
False
Suppose 11*m - 28 = 18*m. Let n(w) = -w**2 - 7*w - 7. Let y be n(m). Suppose -3*p - 4*u + 5139 = 0, -4*u - u + 8570 = y*p. Is p composite?
True
Let t(w) = 2*w**2 - 4*w + 2. Let y be t(2). Let s be (-1)/y*(-31 + 11). Is (420/50)/(4/s) prime?
False
Let q be ((-156)/91)/(2/(-7)). Let m(d) = -d**3 - 4*d**2 + 4. Let s be m(q). Is s/(-4) - -1 - 3 a prime number?
False
Suppose 8*f - 4*f = 12. Suppose 9*p - 2*p = f*p. Suppose -w + 8 - 3 = p, 3*w = 5*m - 3410. Is m a prime number?
False
Is (-5004080)/(-568) + 4 + (-2)/2 a prime number?
False
Let o(t) = 821*t**3 - 7*t**2 - 187*t + 2374. Is o(13) a prime number?
False
Suppose 0 = -4*b - 2*x + 664746, 6*b = 81*x - 76*x + 997127. Is b prime?
False
Let t(s) = 8*s**2 + 21*s - 11. Let d(c) = -c**2 + 2*c - 1. Let q(l) = 2*d(l) + t(l). Let y(n) = -n**2 + n + 1. Let x(r) = q(r) + 3*y(r). Is x(-17) composite?
True
Let s(c) = 2500*c + 427. Is s(27) composite?
False
Let f(t) = -39*t**2 + 14*t - 2. Let y(i) = i**2 + i + 1. Let k(d) = -f(d) + 3*y(d). Is k(-6) composite?
False
Let s = -48 - -50. Let h(z) = 1424*z - 11. Let j be h(s). Let m = j - 1560. Is m prime?
True
Suppose 19249 = -4*o + 118169. Suppose 18*c - 22232 - o = 0. Is c composite?
False
Let r(m) = m**2 - 4*m + 4. Suppose 0 = 2*g + 5*g - 77. Let a be r(g). Suppose 2*x - 219 = -a. Is x a prime number?
False
Suppose -2*v + 1827408 = 2*g + 569810, -2*v = 5*g - 1257598. Is v a prime number?
True
Let h(z) = -10*z**2 - 38*z + 39. Let k(o) = -5*o**2 - 19*o + 19. Let l(q) = 4*h(q) - 9*k(q). Let u(v) = -v + 1. Let p(t) = l(t) + 4*u(t). Is p(12) composite?
True
Let i be 7/14 + 97/(-2). Let w = 54 + i. Suppose 11 = -w*l + 101. Is l a prime number?
False
Let w(p) = p**3 + 37*p**2 + 214*p - 6645. Is w(98) a prime number?
False
Let y(k) = 427*k - 19. Let a be y(3). Is (a/(-12))/(11/(-66)) a prime number?
True
Is (-108626)/(-5) - 1 - 1/5 - 5 composite?
True
Let d = -2553 + 1024. Is ((-24)/30)/(8/60) - d prime?
True
Let w = -9490 + 187373. Is w a prime number?
True
Suppose 3*h - 3*a - 3 = 0, -h + 15 = 4*a + 4. Suppose 0 = 3*o - o + j - 1265, h*o - 4*j = 1925. Is o a composite number?
True
Let n be ((23697/12)/1)/(3/8). Let k = n + 373. Is k a prime number?
True
Suppose 16 = -2*d - 24*w + 29*w, -5*d - 9 = 3*w. Is (-2)/d - 202404/(-36) a prime number?
True
Let s(h) = -170*